of 2495125?
5, 19961
List the prime factors of 5057881.
211, 23971
List the prime factors of 129390.
2, 3, 5, 19, 227
List the prime factors of 394617.
3, 199, 661
List the prime factors of 254494.
2, 127247
What are the prime factors of 594420?
2, 3, 5, 9907
List the prime factors of 1647697.
23, 71, 1009
What are the prime factors of 3853132?
2, 963283
List the prime factors of 7051379.
17, 29, 14303
List the prime factors of 2584361.
13, 19, 10463
What are the prime factors of 17694265?
5, 71, 49843
List the prime factors of 65653.
7, 83, 113
What are the prime factors of 16754871?
3, 7, 797851
List the prime factors of 215696.
2, 13, 17, 61
List the prime factors of 1220529.
3, 41, 9923
List the prime factors of 291369.
3, 13, 31, 241
What are the prime factors of 23346588?
2, 3, 1945549
What are the prime factors of 697547?
19, 36713
What are the prime factors of 536035?
5, 47, 2281
List the prime factors of 151194.
2, 3, 113, 223
List the prime factors of 43472.
2, 11, 13, 19
What are the prime factors of 225547?
7, 4603
List the prime factors of 1601177.
29, 55213
List the prime factors of 519489.
3, 197, 293
List the prime factors of 1551170.
2, 5, 181, 857
What are the prime factors of 489353?
103, 4751
What are the prime factors of 4948260?
2, 3, 5, 82471
What are the prime factors of 4128637?
17, 211, 1151
List the prime factors of 195933.
3, 241, 271
List the prime factors of 4609076.
2, 577, 1997
What are the prime factors of 636663?
3, 23, 9227
List the prime factors of 8349718.
2, 13, 321143
What are the prime factors of 733108?
2, 17, 10781
List the prime factors of 213850.
2, 5, 7, 13, 47
What are the prime factors of 838329?
3, 279443
What are the prime factors of 267430?
2, 5, 47, 569
What are the prime factors of 583847?
11, 53077
What are the prime factors of 121652?
2, 17, 1789
What are the prime factors of 2214654?
2, 3, 13, 28393
List the prime factors of 95485.
5, 13, 113
List the prime factors of 1379296.
2, 43103
List the prime factors of 235576.
2, 11, 2677
List the prime factors of 7181427.
3, 11, 217619
List the prime factors of 12015015.
3, 5, 801001
What are the prime factors of 673613?
673613
What are the prime factors of 196839?
3, 21871
List the prime factors of 4814203.
29, 109, 1523
List the prime factors of 2165043.
3, 593, 1217
What are the prime factors of 8140697?
1237, 6581
What are the prime factors of 229590?
2, 3, 5, 2551
List the prime factors of 2395699.
499, 4801
What are the prime factors of 468817?
468817
What are the prime factors of 505693?
505693
List the prime factors of 5769329.
5769329
List the prime factors of 14442642.
2, 3, 353, 2273
List the prime factors of 559864.
2, 47, 1489
List the prime factors of 5820426.
2, 3, 17, 23, 827
What are the prime factors of 196632?
2, 3, 2731
What are the prime factors of 1025902?
2, 41, 12511
What are the prime factors of 3871102?
2, 439, 4409
What are the prime factors of 92803?
17, 53, 103
List the prime factors of 917927.
917927
List the prime factors of 3097974.
2, 3, 11, 73, 643
List the prime factors of 7383746.
2, 17, 217169
What are the prime factors of 4317235?
5, 13, 17, 3907
List the prime factors of 14086014.
2, 3, 59, 39791
List the prime factors of 808596.
2, 3, 7487
What are the prime factors of 9404406?
2, 3, 11, 47497
List the prime factors of 4405088.
2, 137659
List the prime factors of 128401.
7, 13, 17, 83
What are the prime factors of 336567?
3, 7, 11, 31, 47
What are the prime factors of 286854?
2, 3, 47809
What are the prime factors of 6474201?
3, 23, 101, 929
What are the prime factors of 232838?
2, 47, 2477
What are the prime factors of 12683193?
3, 37, 163, 701
List the prime factors of 27178659.
3, 335539
List the prime factors of 14950422.
2, 3, 830579
What are the prime factors of 280839?
3, 13, 19, 379
List the prime factors of 13469.
13469
List the prime factors of 3515848.
2, 7, 8969
What are the prime factors of 537745?
5, 13, 8273
List the prime factors of 1578386.
2, 67, 11779
List the prime factors of 1342563.
3, 447521
List the prime factors of 2075820.
2, 3, 5, 29, 1193
List the prime factors of 7601698.
2, 13, 61, 4793
What are the prime factors of 18290965?
5, 7, 11, 617
List the prime factors of 29764.
2, 7, 1063
What are the prime factors of 5836733?
7, 23, 5179
List the prime factors of 329216.
2, 643
What are the prime factors of 531807?
3, 177269
What are the prime factors of 463016?
2, 31, 1867
What are the prime factors of 9160659?
3, 1017851
What are the prime factors of 16963177?
7, 11, 220301
List the prime factors of 148741.
23, 29, 223
List the prime factors of 288070.
2, 5, 28807
List the prime factors of 2100820.
2, 5, 23, 4567
What are the prime factors of 10981788?
2, 3, 59, 15511
What are the prime factors of 66888?
2, 3, 929
List the prime factors of 4406762.
2, 41, 61, 881
What are the prime factors of 401753?
11, 36523
List the prime factors of 271681.
19, 79, 181
What are the prime factors of 3084303?
3, 1028101
What are the prime factors of 1591924?
2, 397981
What are the prime factors of 1544617?
191, 8087
What are the prime factors of 5547115?
5, 7, 158489
List the prime factors of 9126937.
373, 24469
List the prime factors of 6811567.
7, 973081
List the prime factors of 25648212.
2, 3, 2137351
What are the prime factors of 252992?
2, 59, 67
List the prime factors of 13582109.
43, 263, 1201
List the prime factors of 2419368.
2, 3, 7, 14401
What are the prime factors of 2048567?
103, 19889
What are the prime factors of 341938?
2, 17, 89, 113
List the prime factors of 7720010.
2, 5, 772001
What are the prime factors of 7447166?
2, 1091, 3413
List the prime factors of 22256904.
2, 3, 19, 48809
List the prime factors of 122202.
2, 3, 31, 73
List the prime factors of 4992439.
4992439
List the prime factors of 398959.
11, 36269
List the prime factors of 276213.
3, 7, 1879
What are the prime factors of 155640?
2, 3, 5, 1297
List the prime factors of 8532067.
313, 27259
What are the prime factors of 34319?
34319
List the prime factors of 73737.
3, 2731
What are the prime factors of 12684593?
97, 130769
List the prime factors of 152211.
3, 113, 449
List the prime factors of 5812677.
3, 13, 49681
List the prime factors of 3415975.
5, 107, 1277
List the prime factors of 524506.
2, 262253
What are the prime factors of 28344444?
2, 3, 239, 9883
What are the prime factors of 260623?
11, 19, 29, 43
What are the prime factors of 1834980?
2, 3, 5, 7, 17, 257
What are the prime factors of 531382?
2, 47, 5653
What are the prime factors of 2785468?
2, 7, 53, 1877
What are the prime factors of 292894?
2, 7, 20921
What are the prime factors of 229955?
5, 11, 37, 113
What are the prime factors of 1190297?
953, 1249
List the prime factors of 1042601.
7, 47, 3169
List the prime factors of 135189.
3, 1669
What are the prime factors of 272075?
5, 10883
List the prime factors of 92329.
127, 727
List the prime factors of 32765522.
2, 577, 28393
List the prime factors of 12638513.
379, 33347
What are the prime factors of 2629842?
2, 3, 163, 2689
What are the prime factors of 566842?
2, 139, 2039
List the prime factors of 143492.
2, 29, 1237
List the prime factors of 214634.
2, 7, 15331
List the prime factors of 620259.
3, 47, 53, 83
What are the prime factors of 235176?
2, 3, 41, 239
What are the prime factors of 1811969?
251, 7219
List the prime factors of 3580589.
103, 34763
List the prime factors of 17982954.
2, 3, 11, 90823
List the prime factors of 265657.
7, 37951
List the prime factors of 2003885.
5, 13, 30829
What are the prime factors of 1664465?
5, 11, 53, 571
List the prime factors of 72649.
72649
What are the prime factors of 450454?
2, 225227
What are the prime factors of 778286?
2, 31, 12553
List the prime factors of 262056.
2, 3, 61, 179
What are the prime factors of 433659?
3, 31, 4663
What are the prime factors of 604597?
7, 86371
What are the prime factors of 27593818?
2, 7, 1970987
List the prime factors of 324571.
13, 24967
List the prime factors of 21186940.
2, 5, 37, 28631
List the prime factors of 20036569.
7, 2862367
List the prime factors of 6203807.
569, 10903
What are the prime factors of 365512?
2, 7, 61, 107
List the prime factors of 6648285.
3, 5, 7, 63317
What are the prime facto